+ 4 = -0*m, 5*s = -u. Let b(l) = 5 + 6 - l + 4 + 1 - 25. Calculate b(m).
-5
Let x(w) = 7 - 11 - 4*w - w**2 + 8. Let b(q) = -4*q**3 - q**2. Let s be b(1). Let j be x(s). Let p(t) = 6*t + 1. What is p(j)?
-5
Let i be 25/(-2)*(-30)/25. Suppose -i*q = -18*q + 6. Let z(r) = 4*r + r - 7 - q*r + 0*r. What is z(5)?
8
Let t(n) = -25*n - 56. Let v be t(-2). Let l(h) = -2*h - 2. Let w(a) = 6*a + 7. Let s(g) = -17*l(g) - 6*w(g). What is s(v)?
4
Let q(t) = -3*t + 18. Let l be q(7). Let v be 2 + (l + 8 - -1). Let j = 2 - v. Let f(o) = 3*o + 7. What is f(j)?
-11
Let c(h) = 3*h - 13. Let m(l) = 10*l - 39. Let k(o) = 7*c(o) - 2*m(o). What is k(9)?
-4
Let t be ((-1)/2)/((-9)/342). Let w = 18 - t. Let l(p) = -p**2. Let n(b) = 3*b**2 + 2*b. Let v(d) = -2*l(d) - n(d). What is v(w)?
1
Suppose 3*m - 9 = -0*m. Let q(g) be the first derivative of -1/2*g**2 - 3 - 2/3*g**m + g. Give q(1).
-2
Let r(x) be the second derivative of x**4/12 + 13*x**3/6 + 21*x**2/2 - x - 99. What is r(-11)?
-1
Let n(m) = -m**3 + m**2 + 3*m - 1. Let i be n(2). Let o(f) be the first derivative of -3*f**2 + f + 336. Calculate o(i).
-5
Suppose -4*o = 3*y - 26, -o + 0*o = -5*y + 28. Let d = 108 + -107. Let l(f) = 1 - d + y - 5*f - f**2. What is l(-6)?
0
Let n be (-1 - (-5 + 4)) + -17. Let a = n - -42. Let l = 18 - a. Let i(u) = -u**3 - 8*u**2 - 8*u - 5. Calculate i(l).
2
Let r(g) = -g**2 + 15*g - 31. Let q be r(12). Let j(i) = -1 + 0*i**3 - i**3 - 4*i + 0 + 6*i**2. Calculate j(q).
4
Let t(i) = -i**2 + 5*i + 2. Suppose -4*m + 3*x = 68, 4*m + 8*x - 3*x = -100. Let f be (-76)/(-14) - m/35. Give t(f).
-4
Let k(v) = 3*v**2 - 11*v - 3. Let a(q) = -8*q**2 + 32*q + 9. Let b be 4 + (-2 - (9 - 3)). Let h(l) = b*a(l) - 11*k(l). Let y = -10 - -6. Determine h(y).
9
Let f be (6/(-5))/(6/(-15)). Let m(u) = 5*u - f*u + 1 - 2*u - 2*u. Suppose 5*h - 3 = -4*y, 0 = -4*y + 4 - 16. Give m(h).
-5
Let n(c) = 8 - 5*c + 25*c**3 - 4*c**2 - 11*c**2 - 27*c**3. What is n(-7)?
-6
Let y(q) = 4. Let a(k) = 3*k - 21. Let x(w) = a(w) + 5*y(w). Determine x(0).
-1
Let h be 1/(-4)*0 + 32. Let w be (-132)/h + (-1)/(-8). Let l(y) = -y**3 - 2*y**2 + 4*y - 1. Give l(w).
15
Let m(p) = -16*p**2 - 10*p. Let a(l) = -209*l**2 - 132*l. Let c(q) = 5*a(q) - 66*m(q). Let n(r) = -r**3 - 5*r**2 + r + 6. Let i be n(-5). Determine c(i).
11
Let h(x) = 4*x**2 - x. Let s be h(-1). Suppose 6 = -5*y + s*v - 29, -2*y = -v + 15. Let z(k) = -k**3 - 8*k**2 - k - 2. Calculate z(y).
6
Let s be (7/(-3))/(1/(-3)). Suppose 0 = a + 3*j - 8 - s, -j = a - 5. Let o be 2*(-2 - (-3 - a)). Let r(l) = 3*l**2 - 1. Determine r(o).
11
Let w(z) = 38*z**2 - 11*z + 5 - 16*z**2 - 21*z**2. What is w(9)?
-13
Let h(a) be the third derivative of 0*a**3 - 1/4*a**4 + 0 - 5*a**2 + 0*a + 1/144*a**6 + 0*a**5. Let l(i) be the second derivative of h(i). Give l(-1).
-5
Let j be -2 - (4 - 10)/3. Let l be (-2 + 1 + 2)*j. Let g(f) = f + 5. What is g(l)?
5
Suppose 0*a + 14 = 3*g + a, -3*g = 3*a - 24. Let n = 1 + -1. Let d(u) = n*u**2 - 55 - g*u + u**2 + 53. Give d(-2).
8
Let n be 8*1*(-11)/(-22). Let j = 6 - n. Let v(l) be the second derivative of l**3/6 + l**2 - l. Determine v(j).
4
Let w(z) be the third derivative of z**5/60 - z**4/2 + z**3 + 121*z**2. Give w(12).
6
Let w(s) = -4*s**2 - s - 1. Let c = 252 + -373. Let d be 143/c + 0 + 2/11. Calculate w(d).
-4
Let c(x) = 6*x. Suppose 0 = o - 3 + 2. Let g be c(o). Let i(q) = -q**2 - 1. Let h(k) = -2*k**2 - 10*k + 2. Let u(p) = -h(p) + 3*i(p). What is u(g)?
19
Let o(i) = i**2 - 1900 - 10*i - i + 1894. What is o(12)?
6
Let k(u) be the first derivative of u**2/2 - 8*u + 127. Determine k(-6).
-14
Let o be (7 - -30)*(0 + 1). Let j(k) = -2 - 38*k - k**2 + o*k + 0 - 4*k**2 - k**3. What is j(-5)?
3
Let r(o) = -449 + 2*o + o**2 + 900 - 461. Determine r(-8).
38
Let a(f) = 4*f**2 - 2*f + 1. Let n(u) = -u**3 - 34*u**2 + 24*u - 11. Let l(m) = 9*a(m) + n(m). Calculate l(3).
7
Let c(o) = 13*o. Suppose 37*g - 32*g = 15, -5*z = 2*g + 4. Calculate c(z).
-26
Let b(k) = 4*k**2 - k - 4. Let z(x) = 5*x**2 - x - 6. Let r(h) = 4*b(h) - 3*z(h). Determine r(4).
14
Let g(p) = -p**3 + 3*p - 1. Let t(l) = -6*l**2 + 78*l - 3. Let d be t(13). Calculate g(d).
17
Let h(y) = -y**3 + 7*y**2 - 6*y - 1. Suppose 4*l - 20 = 2*q + 2*q, 0 = 4*q. Give h(l).
19
Let r(x) be the first derivative of -3*x**2 - 2*x + 321. Let i(h) = -3*h**2 + 1. Let a be i(1). Give r(a).
10
Let q be 0 + (-7 - (-3 + -7)). Let x(s) = -s**3 + 5*s**2 - 2*s - 2. What is x(q)?
10
Let o(l) = -3 + 499*l + l**3 - 506*l - 4*l**2 + 1. Give o(5).
-12
Let q(v) = -v**3 + 8*v**2 - 7*v - 9. Let p = 829 - 822. What is q(p)?
-9
Let j(k) = -k**2 - k + 4. Let n = 122 + -117. Suppose -n*i = -2*b + 28, i - 5*b = 6*i. Give j(i).
-8
Suppose -2*x + 6*x = 8. Let l be ((-6)/(-2) - x)/1. Let b(h) be the first derivative of -2*h**3 + h**2 - h + 214. Give b(l).
-5
Let t(y) be the first derivative of y**5/20 - 7*y**4/12 + 7*y**3/6 + 3*y**2 + 26*y - 5. Let q(m) be the first derivative of t(m). Calculate q(6).
12
Let h(d) = d**2 - 11*d + 5. Suppose -10*g - 62 = -172. Give h(g).
5
Suppose 8*z = 4*z - 4. Let t = 2 - z. Let o(h) = 5*h + 7 - 4*h - h**2 - h**t - 3. Give o(0).
4
Let f(s) be the second derivative of -s**5/20 - 3*s**4/4 - s**3 + 7*s**2/2 - 17*s - 3. Determine f(-8).
-9
Let q(k) = 3*k - 1. Suppose 10*c - 40 + 10 = 0. Give q(c).
8
Let i(u) = 71*u - 36*u - 34*u + 3. Give i(-9).
-6
Let i(h) = -7*h + 2. Let r(w) = -12*w + 3. Let y(t) = -5*i(t) + 3*r(t). What is y(3)?
-4
Let g(w) = w**2 + 23*w + 109. Let l be g(-7). Let j(t) = 2*t + 12. Determine j(l).
6
Let s(u) = -3 + 136*u + 6*u**2 - 138*u - u**3 - 1 + 0. What is s(3)?
17
Let f(z) = -z**2 - 3*z - 1. Suppose -p - 88 = -86. Calculate f(p).
1
Let h(d) = -d**2 - d - 2. Let k be ((-9)/(-2) + -6)*(6 + -4). Determine h(k).
-8
Suppose 5*c - 13 - 7 = 0, -3*c = -u - 8. Suppose 2*b - 9 = -0*b - k, 4*k - 20 = -u*b. Let r(h) = 4*h - 5. Determine r(b).
11
Let q(l) = l**3 + 4*l**2 - l + 4. Suppose -c + 4 = -1. Suppose -3*d + 5*g + 42 = 0, -4*g = -6*d + d + 57. Let z = c - d. Give q(z).
8
Let k(y) = -y**3 + 4*y**2 - 5*y + 3. Let b = 74 + -68. Suppose b*t + 9 = 27. What is k(t)?
-3
Let a(c) = c + 7. Let w(t) = 13. Let u(g) = 2. Let f(b) = -6*u(b) + w(b). Let h(i) = -a(i) - 3*f(i). Let s be (-2)/8 - (-1)/4. Give h(s).
-10
Let u be (-5)/(20/(-12)) + 6/(-2). Let b(g) = -2*g. Let s be b(-2). Suppose u = -s*c + 13 + 3. Let n(d) = -d + 4. Give n(c).
0
Let p(o) = -o - 7. Suppose 10*m - 549 = -149. Let g = m + -46. What is p(g)?
-1
Suppose -4*i - 4 = -m, -m = 2*m. Let b be (2 + i)/(-1)*-4. Let o be (-2)/((-1)/b*-2). Let s(f) = f**3 + 5*f**2 + 3*f + 2. What is s(o)?
6
Suppose -4*x - 4 = -z, 8*x + 4*z = 4*x - 24. Let u(c) = -2*c - 1088*c**2 + 3*c - 2 + 1092*c**2 - 3*c. Determine u(x).
18
Let h be ((-11)/(-3) + -3)*-6. Let g be ((-66)/h)/(7/154). Let m be g/(-77) - 2/7. Let w(v) = v**2 + 5*v - 7. Calculate w(m).
-7
Suppose h + 3*p = -0*h + 6, -4*p - 8 = -4*h. Let k(i) = i**2 + 2*i**2 - 4*i**2 - 1 + 4. Calculate k(h).
-6
Let v(z) = 7*z - 27*z + 69 - 24 - 28 - 19. Give v(-2).
38
Let t = -41 - -17. Let f = -22 - t. Let j(h) = -75 + h**2 + 75 - f*h**2. Give j(0).
0
Let w(x) = -6*x**3 - 6*x + 6. Let c be w(1). Let p(y) = -y**3 - 11*y**2 + 2*y + 7. Let a(j) = -j**2. Let o(q) = 5*a(q) - p(q). Calculate o(c).
5
Let p(q) = -q - 3. Let w(x) = 3. Let z(f) = -2*p(f) + w(f). Determine z(-4).
1
Suppose 5*t - 354 - 336 = 0. Let n(c) = 1 + 2*c**2 + 69*c - t*c + 7*c**3 + 67*c. Give n(1).
8
Let h(p) be the second derivative of p**5/20 - p**4/12 + p**3/3 - 3*p**2/2 + 756*p. Let t = -2 - -4. Give h(t).
5
Suppose 0 = -17*l + 55 - 21. Let s(d) = -6*d**3 - 5*d**3 + l*d**3 - 4*d**2 + 8*d**3 - 4. Give s(-5).
21
Let j(c) = 4*c + 5. Let p be j(0). Let n(m) = 3*m**3 + 2*m + 5495*m**2 - p*m - 2 - 5493*m**2. Let b(s) = -2*s + 6. Let t be b(4). What is n(t)?
-12
Let l(b) = -b**3 + 6*b**2 - b + 4. Let a(x) = 2*x**3 - 13*x**2 + 2*x - 8. Let k(o) = o**2 + 3*o + 1. Let i be k(-4). Let u(p) = i*l(p) + 2*a(p). Calculate u(3).
10
Let m(i) = -5*i**2 - 13*i + 0*i - 3 + 14*i + 2*i. What is m(2)?
-17
Let d(w) = -10*w**2 - 1. Let m be d(1). Let i be 3 + 3 + 0 + m. Let h(u) = -7*u**2 + 6 + 1 + 13*u**2 + 6*u + u**3 + 0*u. Give h(i).
2
Let g(m) be the first derivative of -m**2 + 9*m - 120. What is g(11)?
-13
Let b = -11 + 18. Let h(r) be the third deriva